e the prime factors of b?
7, 19
Suppose -5*f = -i - 17, 11 = -3*i - 2*f + 45. Suppose 0*g = -4*g + i. Suppose 0 = -0*z + 3*z, -2*y = g*z - 62. What are the prime factors of y?
31
Let a(z) = 2*z**2 + 2*z - 1. Let i be a(-5). Suppose 5*n = i + 6. Suppose -n*s = -10*s + 54. List the prime factors of s.
2, 3
Suppose -4*y - 15*y + 9633 = 0. List the prime factors of y.
3, 13
Suppose 3*j = -t - 4*t + 3848, 2*t = -10. List the prime factors of j.
1291
Suppose 8*s + 0*s - 24 = 0. Suppose 5*y - 469 = -s*z, -z = -3 - 0. List the prime factors of y.
2, 23
Suppose x - 4*r + 3*r - 1874 = 0, 1890 = x - 5*r. List the prime factors of x.
2, 5, 11, 17
Let r(p) = -13*p**3 + 2*p**2 - 33*p - 11. List the prime factors of r(-7).
17, 281
Suppose 4*l - 7 = 5. Suppose -360 = -4*j - 4*z, 2*j - 88 = j - l*z. List the prime factors of j.
7, 13
Suppose 3*r + 29 = -c - 111, 5*c - 2*r = -734. Let y be (-2)/4 + c/4. Let j = y + 56. List the prime factors of j.
19
Suppose -2*g + 444 = 2*c, g + 2*c + 2*c = 213. Let z = 376 - g. What are the prime factors of z?
151
Let x = 2842 - -265. List the prime factors of x.
13, 239
Let j = 36 - 21. List the prime factors of 223/5 + (-9)/j.
2, 11
What are the prime factors of (174/290)/((-1)/(-1490))?
2, 3, 149
Let g be 62/5 + (-3)/(-5). Let q = g + -11. Suppose 0 = 4*i - q*i - 34. List the prime factors of i.
17
Let b = -389 - -1109. What are the prime factors of b?
2, 3, 5
Suppose -5*g - 41 = -131. Let m = -12 + 18. Let b = m + g. List the prime factors of b.
2, 3
Let v(p) be the second derivative of -p**4/12 + 23*p**3/6 + 8*p**2 - 13*p. List the prime factors of v(17).
2, 59
Let b(h) = 2*h**2 - 9*h + 13. Let d be b(5). Let g = 16 + d. List the prime factors of g.
2, 17
Suppose 345 = n + 3*y - 8*y, 3*y - 963 = -3*n. List the prime factors of n.
5, 13
Suppose -2*y - 540 = -3*c, -c + y + 79 = -101. Let u = -51 + c. What are the prime factors of u?
3, 43
Let v = -148 + 564. List the prime factors of v.
2, 13
Let k(h) be the first derivative of 1/2*h**2 - 1/4*h**4 + 4*h + 2*h**3 + 5. What are the prime factors of k(5)?
2, 17
Suppose 3*j - 3 = 21. Suppose 3*h = -3*h + 264. Let s = h - j. What are the prime factors of s?
2, 3
Let c(o) be the second derivative of -o**5/20 + 5*o**4/6 - 3*o**3/2 + 5*o. Let s be c(9). What are the prime factors of (-14)/(s + -1 + -1)?
7
Let q(t) be the third derivative of -t**5/60 + 11*t**4/24 + t**3/2 - t**2. Let a(k) = -k**3 + 5*k**2 - 4*k + 9. Let n be a(4). List the prime factors of q(n).
3, 7
Let z = -30 + 35. Suppose -251 = -z*a + 5*c + 384, 5*c - 233 = -2*a. What are the prime factors of a?
2, 31
Let f = -45 - -49. Let w(c) be the second derivative of -c**4/12 + 7*c**3/6 - 5*c**2/2 - c. List the prime factors of w(f).
7
Suppose 154*z + 13815 = 163*z. What are the prime factors of z?
5, 307
Let w be 2 + 40/(20/5). Let q = w - -122. List the prime factors of q.
2, 67
Let b(w) = -w**3 + 15*w**2 + w - 16. Let v be b(15). Let r(k) = 115*k**2 + 2*k. What are the prime factors of r(v)?
113
Let n(d) = -d**3 + 5*d**2 - 3*d - 1. Let h be n(4). Let o = 3 + h. List the prime factors of o.
2, 3
Let l = -300 - -650. Suppose 23*o - l = 18*o. What are the prime factors of o?
2, 5, 7
Suppose 5*z + 159 = 3*v - 1963, 2*v + 5*z = 1373. List the prime factors of v.
3, 233
Let s(a) = -176*a + 59. List the prime factors of s(-3).
587
Let u(c) be the third derivative of c**3/6 + 2*c**2. Let f(b) = 12*b + 10. Let x(q) = f(q) - 12*u(q). List the prime factors of x(3).
2, 17
What are the prime factors of (-7)/(21/(-591)) + 6?
7, 29
Suppose -14*g + 50*g - 165456 = 0. What are the prime factors of g?
2, 3, 383
Let l = 22 + 74. Suppose -16*u = -20*u + l. What are the prime factors of u?
2, 3
Let u be (28 + (-4 - -1))/(5/(-10)). List the prime factors of (-181)/(-2) - -5*5/u.
2, 3, 5
Let t be 0 - -15*(-4)/(-6). List the prime factors of 7/(105/t)*90.
2, 3, 5
Let y(u) = -u**3 - 12*u**2 - 24*u - 32. List the prime factors of y(-18).
2, 293
Let s be 78 + -105 - (1 + 0 - 7). Let j be (-4)/14 - 191/(-7). Let g = j + s. What are the prime factors of g?
2, 3
Let p(k) = 56*k + 8. Let j(w) = w**3 - 7*w**2 + 2*w - 10. Let u be j(7). What are the prime factors of p(u)?
2, 29
Let l = 148 - 65. Let d = l - -36. Suppose -5*o = -3*b - d, -o = -b - 4*b - 15. List the prime factors of o.
5
Let c(p) = -172*p - 69. What are the prime factors of c(-7)?
5, 227
Let h = -1 - -3. Suppose 3*r = -h*r + 20. Suppose -r*q = -3*z - 93, -2*z + 0*z = -4*q + 94. What are the prime factors of q?
2, 3
Let t be (-2 - -5)/(-3) - (460 + -2). What are the prime factors of 2/14 + t/(-21)?
2, 11
Suppose -4*c = -9*b + 5*b + 172, 0 = 4*b - 3*c - 171. Suppose 5*r - 115 = -5*f, -3*r = -2*f - 4*r + b. What are the prime factors of f?
19
Let z(u) = 70*u**2 + 49*u - 26. List the prime factors of z(-7).
3061
Let j = 25 - 5. Let s be 72/(-60)*j/(-6). Suppose g + s*o = 2*o + 62, -2*g = -5*o - 106. What are the prime factors of g?
2, 29
Suppose -4*m + 732 = -528. List the prime factors of m.
3, 5, 7
Suppose 0*w - 12 = -3*w. Suppose 3*d + 1 = -w*m - 6, 14 = 2*d - 2*m. List the prime factors of 1/(d/12) + 46.
2, 5
Suppose -1169 = -2*k - 3*a - 27, -4*k + 2304 = a. What are the prime factors of k?
577
Suppose -m - 3 = 3. Let d = 8 + m. Suppose 3*j = 4 + d, 0 = 2*a + 3*j - 30. What are the prime factors of a?
2, 3
Let c(h) = 3*h**2 + 15*h + 19. Let n(p) = -3*p**2 - 16*p - 20. Let w(o) = 4*c(o) + 3*n(o). What are the prime factors of w(-11)?
13, 19
Let n(x) be the third derivative of 11*x**4/24 + x**3/3 + 8*x**2. List the prime factors of n(7).
79
Let s be 0 + (-7)/(28/(-32)). Suppose 3*l + l - s = 3*k, -5*l + 10 = 0. What are the prime factors of 18 - (k + 4 - 3)?
17
Suppose 0 = -2*s + 24*p - 20*p + 6250, 2*s - 2*p - 6250 = 0. What are the prime factors of s?
5
Let m(c) = 4*c + 5. Let o be m(-6). Let w(i) = -i**3 + 14*i**2 - 16*i + 15. Let a be w(13). Let s = o - a. List the prime factors of s.
5
Let z = -1416 + 2652. List the prime factors of z.
2, 3, 103
Suppose -6*j + 6468 = -2*j. Suppose -33*z + j = -26*z. What are the prime factors of z?
3, 7, 11
Let c = -36 + 33. List the prime factors of c*(-3 + (-26)/3).
5, 7
Let x(p) = p**3 + p**2 - p - 1. Let r(y) = -20*y**3 - 8*y**2 + 5*y + 4. Let i(n) = r(n) + 5*x(n). What are the prime factors of i(-2)?
107
Let f(r) = -2*r**3 - 2*r**2 - 6*r - 8. Let j be f(-5). Let v = -88 + j. List the prime factors of v.
2, 67
What are the prime factors of (-5 + (-3 - -9))*69?
3, 23
Suppose 32*q = 17*q + 3135. What are the prime factors of q?
11, 19
Suppose 2*j = -10, -2*n - 3*j = -0*n + 97. Let a = n + 98. List the prime factors of a.
3, 19
Let o(v) = -8*v**3 + 7*v**2 + 23*v - 9. What are the prime factors of o(-5)?
1051
Let i = 917 - 535. List the prime factors of i.
2, 191
Suppose -4*i = -5*c + 413 + 242, 150 = -i + 4*c. List the prime factors of (i/(-4))/((-3)/(-12)).
2, 5, 17
Suppose -3*r = -2*s - 22, -5*r + s - 3*s = -42. Suppose r*v - 5*v - 6 = 0. Suppose 5*b = 4*m + m - 225, -v*m - 4*b = -78. What are the prime factors of m?
43
Let z(h) = -2*h**3 - 13*h**2 - 23*h - 4. List the prime factors of z(-8).
2, 3, 31
Let x(o) = o**3 - o**2 + 11*o - 10. What are the prime factors of x(4)?
2, 41
Let n(i) = i + 12. Suppose x + 36 = -2*x. Let u be n(x). Suppose u = 6*y - 99 + 21. List the prime factors of y.
13
Suppose -f = -0 - 20. Suppose -f = -4*r + 216. What are the prime factors of r?
59
What are the prime factors of (-11)/22 + 450/4?
2, 7
Let g be 39/4*(2 + -6). Let u = 29 - g. List the prime factors of u.
2, 17
Suppose 2*t = 4, -3*j + 9*t + 1916 = 7*t. List the prime factors of j.
2, 5
Suppose 0 = -t + 6*t - 3100. List the prime factors of t.
2, 5, 31
Let u(x) be the second derivative of x**5/20 + x**4/2 - 7*x**3/6 + x**2 - 30*x. List the prime factors of u(-6).
2, 11
Let k = -79 - -99. List the prime factors of k.
2, 5
Let b(x) = x**3 + 35*x**2 - 32*x + 31. What are the prime factors of b(-34)?
5, 7, 13
Let m = -45 - -49. Suppose 28 = 2*w - 2*r, r = m*w - 2*w - 33. List the prime factors of w.
19
Let w(u) = u**3 - 12*u**2 + 11*u + 7. Let c be w(11). Suppose -3*z - 5*g - 797 = -c*z, z - 201 = 3*g. List the prime factors of z.
2, 3, 11
Let j(c) = -2*c - 5. Let s be j(-8). Let b be 6/(-2) + s + -4. Suppose b*y + y - 145 = 0. What are the prime factors of